mainder when 5276 is divided by 17?
6
Calculate the remainder when 5198 is divided by 161.
46
What is the remainder when 54912 is divided by 486?
480
Calculate the remainder when 2048 is divided by 347.
313
What is the remainder when 81572 is divided by 40779?
14
What is the remainder when 28662 is divided by 1323?
879
Calculate the remainder when 13975 is divided by 1024.
663
Calculate the remainder when 305 is divided by 80.
65
What is the remainder when 517794 is divided by 79?
28
What is the remainder when 7918 is divided by 33?
31
What is the remainder when 3532 is divided by 60?
52
What is the remainder when 540 is divided by 218?
104
Calculate the remainder when 4979708 is divided by 11.
8
What is the remainder when 24503 is divided by 1014?
167
What is the remainder when 8415 is divided by 784?
575
Calculate the remainder when 5898 is divided by 565.
248
What is the remainder when 4551 is divided by 12?
3
Calculate the remainder when 869 is divided by 861.
8
What is the remainder when 22526 is divided by 2350?
1376
What is the remainder when 15301 is divided by 7649?
3
What is the remainder when 21721 is divided by 90?
31
What is the remainder when 4506 is divided by 504?
474
Calculate the remainder when 13115 is divided by 138.
5
What is the remainder when 6900 is divided by 1645?
320
What is the remainder when 10925 is divided by 3270?
1115
Calculate the remainder when 234735 is divided by 33.
6
Calculate the remainder when 901 is divided by 721.
180
What is the remainder when 130535 is divided by 18?
17
Calculate the remainder when 40087 is divided by 12.
7
Calculate the remainder when 1016 is divided by 284.
164
What is the remainder when 15005 is divided by 835?
810
What is the remainder when 1859 is divided by 206?
5
Calculate the remainder when 4826 is divided by 7.
3
Calculate the remainder when 24285 is divided by 4856.
5
Calculate the remainder when 22764 is divided by 11373.
18
Calculate the remainder when 80325 is divided by 2362.
17
What is the remainder when 39737 is divided by 368?
361
Calculate the remainder when 659892 is divided by 123.
120
What is the remainder when 23986 is divided by 3?
1
Calculate the remainder when 74883 is divided by 310.
173
Calculate the remainder when 122495 is divided by 88.
87
Calculate the remainder when 253103 is divided by 16.
15
What is the remainder when 302862 is divided by 16?
14
What is the remainder when 3511 is divided by 135?
1
What is the remainder when 646119 is divided by 145?
144
What is the remainder when 15329 is divided by 89?
21
What is the remainder when 5465 is divided by 2726?
13
Calculate the remainder when 9096 is divided by 9074.
22
What is the remainder when 2086740 is divided by 116?
16
What is the remainder when 40440 is divided by 61?
58
What is the remainder when 984 is divided by 265?
189
What is the remainder when 22269 is divided by 891?
885
Calculate the remainder when 625 is divided by 55.
20
What is the remainder when 14373 is divided by 4756?
105
What is the remainder when 722 is divided by 198?
128
Calculate the remainder when 7281 is divided by 519.
15
What is the remainder when 90472 is divided by 624?
616
Calculate the remainder when 32883 is divided by 46.
39
What is the remainder when 1427 is divided by 580?
267
Calculate the remainder when 2135 is divided by 235.
20
What is the remainder when 15809 is divided by 491?
97
What is the remainder when 11369 is divided by 1405?
129
Calculate the remainder when 1113181 is divided by 81.
79
What is the remainder when 8946 is divided by 2232?
18
Calculate the remainder when 117959 is divided by 29485.
19
Calculate the remainder when 61987 is divided by 44.
35
Calculate the remainder when 100016 is divided by 152.
0
Calculate the remainder when 22035 is divided by 667.
24
Calculate the remainder when 601229 is divided by 16.
13
What is the remainder when 3415 is divided by 13?
9
What is the remainder when 8206 is divided by 8163?
43
Calculate the remainder when 79534 is divided by 2150.
2134
Calculate the remainder when 18327 is divided by 30.
27
Calculate the remainder when 14923 is divided by 14911.
12
What is the remainder when 44279 is divided by 410?
409
Calculate the remainder when 7486 is divided by 250.
236
What is the remainder when 12451 is divided by 1926?
895
What is the remainder when 753651 is divided by 178?
177
Calculate the remainder when 821118 is divided by 20.
18
What is the remainder when 74081 is divided by 46?
21
Calculate the remainder when 10258 is divided by 105.
73
What is the remainder when 6428 is divided by 20?
8
What is the remainder when 92002 is divided by 902?
900
Calculate the remainder when 190398 is divided by 21155.
3
Calculate the remainder when 669706 is divided by 52.
50
What is the remainder when 38656 is divided by 12874?
34
Calculate the remainder when 38106 is divided by 41.
17
What is the remainder when 2531 is divided by 311?
43
Calculate the remainder when 20511 is divided by 849.
135
Calculate the remainder when 7190 is divided by 3588.
14
Calculate the remainder when 208051 is divided by 5623.
0
Calculate the remainder when 1594 is divided by 35.
19
What is the remainder when 2162 is divided by 931?
300
Calculate the remainder when 50579 is divided by 1741.
90
What is the remainder when 2680523 is divided by 63?
62
What is the remainder when 1750 is divided by 6?
4
Calculate the remainder when 364 is divided by 186.
178
Calculate the remainder when 204796 is divided by 214.
212
Calculate the remainder when 10779 is divided by 284.
271
Calculate the remainder when 166 is divided by 24.
22
What is the remainder when 88724 is divided by 435?
419
What is the remainder when 65766 is divided by 13152?
6
Calculate the remainder when 8653 is divided by 4320.
13
What is the remainder when 1724139 is divided by 229?
227
What is the remainder when 2965 is divided by 327?
22
Calculate the remainder when 8590 is divided by 7704.
886
Calculate the remainder when 1889 is divided by 868.
153
Calculate the remainder when 944 is divided by 49.
13
What is the remainder when 25884 is divided by 495?
144
What is the remainder when 27453 is divided by 32?
29
Calculate the remainder when 5787 is divided by 97.
64
What is the remainder when 321 is divided by 250?
71
What is the remainder when 15306 is divided by 86?
84
Calculate the remainder when 22576 is divided by 269.
249
What is the remainder when 23393 is divided by 410?
23
Calculate the remainder when 84640 is divided by 167.
138
Calculate the remainder when 5282 is divided by 14.
4
What is the remainder when 18557 is divided by 81?
8
What is the remainder when 34124 is divided by 237?
233
What is the remainder when 10941 is divided by 2735?
1
What is the remainder when 17716 is divided by 8845?
26
What is the remainder when 11423 is divided by 474?
47
What is the remainder when 39965 is divided by 520?
445
Calculate the remainder when 86381 is divided by 213.
116
What is the remainder when 28668 is divided by 9073?
1449
Calculate the remainder when 108527 is divided by 158.
139
What is the remainder when 241612 is divided by 2301?
7
Calculate the remainder when 85192 is divided by 164.
76
Calculate the remainder when 13859 is divided by 239.
236
What is the remainder when 55111 is divided by 434?
427
Calculate the remainder when 13252 is divided by 4.
0
Calculate the remainder when 1651576 is divided by 14.
10
Calculate the remainder when 113567 is divided by 224.
223
Calculate the remainder when 505811 is divided by 174.
167
Calculate the remainder when 8055 is divided by 1148.
19
Calculate the remainder when 10053 is divided by 74.
63
Calculate the remainder when 7076 is divided by 33.
14
Calculate the remainder when 451 is divided by 110.
11
What is the remainder when 14269 is divided by 3542?
101
What is the remainder when 8808 is divided by 1100?
8
What is the remainder when 7830 is divided by 2488?
366
Calculate the remainder when 3777 is divided by 30.
27
Calculate the remainder when 705 is divided by 358.
347
Calculate the remainder when 6087389 is divided by 181.
178
What is the remainder when 2873 is divided by 319?
2
Calculate the remainder when 10544 is divided by 2105.
19
Calculate the remainder when 7291 